1
In base 13, what is 3 + 14007b7?
14007ba
In base 8, what is -55 + 1667202?
1667125
In base 7, what is -1016 - -665?
-21
In base 3, what is 211112212021 - 102211?
211112102110
In base 3, what is -12121 - 11110022220?
-11110112111
In base 3, what is 20200002202021 + -111?
20200002201210
In base 11, what is a7 - -1595?
1691
In base 3, what is 111 + 1011012011220?
1011012012101
In base 10, what is -3750921 - -75?
-3750846
In base 8, what is 3244071 + 100?
3244171
In base 9, what is 4677 - -8100?
13777
In base 5, what is -11121 - -3313112?
3301441
In base 10, what is -1977698 - -18?
-1977680
In base 10, what is 3061503 - -25?
3061528
In base 2, what is -1000111011000 + -101011010001011?
-110100001100011
In base 11, what is -2 + -2722670?
-2722672
In base 7, what is -13024010 + -6?
-13024016
In base 11, what is -3174 + 271?
-2a03
In base 16, what is 3207c + 2f?
320ab
In base 16, what is -121f82b + 0?
-121f82b
In base 6, what is 12144 - -12453?
25041
In base 15, what is -7ea49 - e7?
-7eb41
In base 12, what is -359b + -118?
-36b7
In base 3, what is 201102110 - -202220212?
1111100022
In base 6, what is 20551 - -541041?
1002032
In base 9, what is 1 + 6553644?
6553645
In base 10, what is -14662570 - 0?
-14662570
In base 11, what is 235a3 + -a84?
2261a
In base 9, what is 536851 + 26?
536877
In base 2, what is -100110110101111110110001 - -101000?
-100110110101111110001001
In base 16, what is -35a3 + -43?
-35e6
In base 4, what is 1 + 3023020322323?
3023020322330
In base 10, what is -329 - 127250?
-127579
In base 11, what is 47 + 29958?
299a4
In base 2, what is -10000001 - 1000101101011110?
-1000101111011111
In base 16, what is -3257034 + -5?
-3257039
In base 10, what is 28998762 - -4?
28998766
In base 6, what is 44 - -21515243?
21515331
In base 12, what is -164 + -21647?
-217ab
In base 6, what is 12335450 + -3204?
12332242
In base 10, what is 2 - -3701452?
3701454
In base 11, what is -570 - -4691?
4121
In base 11, what is -3 + 86515a6?
86515a3
In base 7, what is -3 + -42132321?
-42132324
In base 10, what is 2 + -238313262?
-238313260
In base 15, what is -1 - 2d077c8?
-2d077c9
In base 10, what is -37330294 + -5?
-37330299
In base 16, what is -2d0813a + 4?
-2d08136
In base 14, what is -330584 + -12?
-330596
In base 3, what is -1111201 - -2010221022111?
2010212210210
In base 13, what is -3a87c + -1699?
-3c248
In base 5, what is -413023424021 + 2?
-413023424014
In base 13, what is -6055365 + -1?
-6055366
In base 2, what is 1110000001011100001 + -1011?
1110000001011010110
In base 5, what is -243 + 2042211?
2041413
In base 7, what is -1114524341 - -5?
-1114524333
In base 12, what is -178 + 124779?
124601
In base 3, what is -212122001200222100 - 10?
-212122001200222110
In base 6, what is -130531540 + 12?
-130531524
In base 9, what is -2505 + -2584?
-5200
In base 13, what is -16b - -a446?
a2a8
In base 7, what is 3 - -42512552?
42512555
In base 9, what is 10732 - -1230?
12062
In base 3, what is 1012 - -10122012200122?
10122012201211
In base 15, what is -6 + 47cede?
47ced8
In base 16, what is -a + -f2f9?
-f303
In base 5, what is 4100023103 - 1112?
4100021441
In base 13, what is -3782b - -442?
-373b9
In base 3, what is -1011012012001212111 - -12?
-1011012012001212022
In base 8, what is 16746661 + -5?
16746654
In base 16, what is -5 + -40ed22?
-40ed27
In base 16, what is -d037c - -26?
-d0356
In base 7, what is -223210 - -255?
-222622
In base 8, what is -3 + -204774341?
-204774344
In base 14, what is 279183 + -b?
279176
In base 5, what is 110 + -42110240?
-42110130
In base 10, what is 0 + -6112609?
-6112609
In base 13, what is 34 + -78246?
-78212
In base 15, what is 855 + 8e6b?
97c1
In base 14, what is 9c37 + -11?
9c26
In base 8, what is 12507 - -36515?
51224
In base 10, what is 7 + 14205798?
14205805
In base 8, what is 1224716116 + 3?
1224716121
In base 15, what is 54614ba4 + 2?
54614ba6
In base 11, what is 14 + -173642a?
-1736416
In base 4, what is -2123231220 - -3132?
-2123222022
In base 15, what is 1b480d5 + 36?
1b4811b
In base 3, what is -10010220010210 - -111?
-10010220010022
In base 13, what is -1b408617 + -a?
-1b408624
In base 4, what is 11 + -133301230312?
-133301230301
In base 15, what is -46ae + -196e1?
-1dda0
In base 4, what is 2020330022 + 10221?
2021000303
In base 9, what is 2 - 35718465?
-35718463
In base 8, what is 21 - -2503770?
2504011
In base 13, what is 3 + 19a30754?
19a30757
In base 14, what is 25 - -805b6?
805db
In base 6, what is -22432 + 21243?
-1145
In base 7, what is 6 - 461342002?
-461341663
In base 11, what is -1315a - -195?
-12a75
In base 10, what is -38990 + -14688?
-53678
In base 8, what is 247166 - -313?
247501
In base 3, what is 11 - -211022120011011?
211022120011022
In base 3, what is -10112 + -20200222102?
-20201002221
In base 9, what is 4423 + -63161?
-57637
In base 15, what is -5 - -23ab46?
23ab41
In base 3, what is -221001200 - -1001221?
-212222202
In base 3, what is -100221101011010 - -21?
-100221101010212
In base 7, what is 2541050 + -1?
2541046
In base 5, what is 1 - 314030130134?
-314030130133
In base 15, what is e1 - 47133?
-47042
In base 9, what is 53606 + 775?
54482
In base 8, what is 747746204 + 5?
747746211
In base 2, what is 100011110010011100011101 + 100101?
100011110010011101000010
In base 9, what is 43512013 + -5?
43512007
In base 10, what is 6 + 1284257?
1284263
In base 16, what is be7daf - -2?
be7db1
In base 3, what is 101111222 - -100212120220?
101021002212
In base 16, what is 28b8 + 1cd?
2a85
In base 2, what is 11 + -101110000111000000010000101?
-101110000111000000010000010
In base 13, what is -43a60611 + 5?
-43a60609
In base 7, what is -3652 - -2024205?
2020223
In base 15, what is -1a3558 + 7?
-1a3551
In base 16, what is -34d2 - 15a5?
-4a77
In base 10, what is 13076 + -127?
12949
In base 14, what is 1 + 18308?
18309
In base 16, what is 1 - 1bf1a?
-1bf19
In base 7, what is -316453365 + 4?
-316453361
In base 12, what is -11b - -a87?
968
In base 3, what is -1200111 - 202001101211?
-202010002022
In base 8, what is 24200704 + 25?
24200731
In base 9, what is -14337244 - -6?
-14337237
In base 15, what is 2b6 + dd961?
ddc27
In base 12, what is 226 + 51189?
513b3
In base 3, what is -1020110021212100 - -2?
-1020110021212021
In base 7, what is 43634663 + 13?
43635006
In base 11, what is -825269 - -17?
-825252
In base 12, what is -137a5 - 25a?
-13a43
In base 10, what is 860 + 7522?
8382
In base 12, what is -45 + 6a3b08?
6a3a83
In base 16, what is 36 + -167c9?
-16793
In base 8, what is 3 - 132776200?
-132776175
In base 6, what is -104304 - -431404?
323100
In base 2, what is -1011000101110 - 111110110?
-1100000100100
In base 8, what is -633 + -60166?
-61021
In base 3, what is -1122 + 210222110102?
210222101210
In base 6, what is 35 + 25030015?
25030054
In base 6, what is -22 + 5322125?
5322103
In base 11, what is a77406 + -268?
a77149
In base 9, what is -2 - 66441386?
-66441388
In base 11, what is 1 - 1a695801?
-1a695800
In base 2, what is 101110101011000 + -11100101?
101110001110011
In base 16, what is -5ad78 - -4c8?
-5a8b0
In base 11, what is 5 - -141089a?
14108a4
In base 13, what is -6834 - -98a?
-5b77
In base 14, what is 1c7a01 - -12?
1c7a13
In base 2, what is -100110001011110001 - -1011001011?
-100110000000100110
In base 5, what is 131440211340 + 4?
131440211344
In base 4, what is -10103 - 2310102?
-2320211
In base 4, what is -10103113 + -200223?
-10310002
In base 11, what is 3 + -a5691a80?
-a5691a78
In base 8, what is -246 - -11110263?
11110015
In base 2, what is 10011010100111001001001000 + -101?
10011010100111001001000011
In base 9, what is -245587 + -1566?
-247264
In base 9, what is 184876 - -176?
185163
In base 3, what is 1100012 + -10021210?
-1221121
In base 3, what is 102221000222121212 + -1?
102221000222121211
In base 7, what is -15 - -10511515?
10511500
In base 16, what is -c + 6d06c5?
6d06b9
In base 12, what is 19a67 - 205?
19862
In base 5, what is 2240130441 + 13?
2240131004
In base 15, what is 7c2c - e0d?
6d1e
In base 16, what is -27d + -13af?
-162c
In base 10, what is 30001 + 811?
30812
In base 16, what is 36 + -2a1fc?
-2a1c6
In base 3, what is 21210002000012010 + 20?
21210002000012100
In base 14, what is 4 + 9a9190?
9a9194
In base 16, what is 16d + 142ff?
1446c
In base 4, what is -1231012033 - 113?
-123